{"id":303,"date":"2020-03-02T14:45:07","date_gmt":"2020-03-02T17:45:07","guid":{"rendered":"http:\/\/mineroc2.amtc.cl\/mineroc2\/?page_id=303"},"modified":"2022-08-18T17:57:39","modified_gmt":"2022-08-18T20:57:39","slug":"site-conditions-esp","status":"publish","type":"page","link":"https:\/\/mineroc2.amtc.cl\/?page_id=303&lang=es","title":{"rendered":"Site Conditions &#8211; ESP"},"content":{"rendered":"\t\t<div data-elementor-type=\"wp-page\" data-elementor-id=\"303\" class=\"elementor elementor-303\">\n\t\t\t\t\t\t<div class=\"elementor-inner\">\n\t\t\t\t<div class=\"elementor-section-wrap\">\n\t\t\t\t\t\t\t\t\t<section class=\"elementor-section elementor-top-section elementor-element elementor-element-2f08124b elementor-section-content-middle elementor-section-boxed elementor-section-height-default elementor-section-height-default\" data-id=\"2f08124b\" data-element_type=\"section\">\n\t\t\t\t\t\t<div class=\"elementor-container elementor-column-gap-no\">\n\t\t\t\t\t\t\t<div class=\"elementor-row\">\n\t\t\t\t\t<div class=\"elementor-column elementor-col-100 elementor-top-column elementor-element elementor-element-6f8ed945 elementor-invisible\" data-id=\"6f8ed945\" data-element_type=\"column\" data-settings=\"{&quot;animation&quot;:&quot;slideInLeft&quot;}\">\n\t\t\t<div class=\"elementor-column-wrap elementor-element-populated\">\n\t\t\t\t\t\t\t<div class=\"elementor-widget-wrap\">\n\t\t\t\t\t\t<div class=\"elementor-element elementor-element-4483bd72 elementor-widget elementor-widget-image\" data-id=\"4483bd72\" data-element_type=\"widget\" data-widget_type=\"image.default\">\n\t\t\t\t<div class=\"elementor-widget-container\">\n\t\t\t\t\t\t\t\t<div class=\"elementor-image\">\n\t\t\t\t\t\t\t\t\t\t\t\t<img width=\"178\" height=\"195\" src=\"https:\/\/mineroc2.amtc.cl\/wp-content\/uploads\/2020\/03\/Site-Conditions.png\" class=\"elementor-animation-grow attachment-full size-full\" alt=\"\" loading=\"lazy\" \/>\t\t\t\t\t\t\t\t\t\t\t\t\t\t<\/div>\n\t\t\t\t\t\t<\/div>\n\t\t\t\t<\/div>\n\t\t\t\t<div class=\"elementor-element elementor-element-5502b5ce elementor-widget elementor-widget-heading\" data-id=\"5502b5ce\" data-element_type=\"widget\" data-widget_type=\"heading.default\">\n\t\t\t\t<div class=\"elementor-widget-container\">\n\t\t\t<h4 class=\"elementor-heading-title elementor-size-default\">Site Conditions<\/h4>\t\t<\/div>\n\t\t\t\t<\/div>\n\t\t\t\t<div class=\"elementor-element elementor-element-4e2bd31f elementor-widget elementor-widget-text-editor\" data-id=\"4e2bd31f\" data-element_type=\"widget\" data-widget_type=\"text-editor.default\">\n\t\t\t\t<div class=\"elementor-widget-container\">\n\t\t\t\t\t\t\t\t<div class=\"elementor-text-editor elementor-clearfix\">\n\t\t\t\t<p>Este m\u00f3dulo captura la informaci\u00f3n in-situ del local y re\u00fane la informaci\u00f3n relevante sobre:<\/p>\t\t\t\t\t<\/div>\n\t\t\t\t\t\t<\/div>\n\t\t\t\t<\/div>\n\t\t\t\t<section class=\"elementor-section elementor-inner-section elementor-element elementor-element-3719032 elementor-section-content-middle elementor-section-boxed elementor-section-height-default elementor-section-height-default\" data-id=\"3719032\" data-element_type=\"section\">\n\t\t\t\t\t\t<div class=\"elementor-container elementor-column-gap-no\">\n\t\t\t\t\t\t\t<div class=\"elementor-row\">\n\t\t\t\t\t<div class=\"elementor-column elementor-col-50 elementor-inner-column elementor-element elementor-element-189ecf5c\" data-id=\"189ecf5c\" data-element_type=\"column\">\n\t\t\t<div class=\"elementor-column-wrap elementor-element-populated\">\n\t\t\t\t\t\t\t<div class=\"elementor-widget-wrap\">\n\t\t\t\t\t\t<div class=\"elementor-element elementor-element-a94dc82 elementor-widget elementor-widget-heading\" data-id=\"a94dc82\" data-element_type=\"widget\" data-widget_type=\"heading.default\">\n\t\t\t\t<div class=\"elementor-widget-container\">\n\t\t\t<h3 class=\"elementor-heading-title elementor-size-default\">Caracterizaci\u00f3n de unidades geot\u00e9cnicas<\/h3>\t\t<\/div>\n\t\t\t\t<\/div>\n\t\t\t\t<div class=\"elementor-element elementor-element-3ef47fd3 elementor-widget elementor-widget-text-editor\" data-id=\"3ef47fd3\" data-element_type=\"widget\" data-widget_type=\"text-editor.default\">\n\t\t\t\t<div class=\"elementor-widget-container\">\n\t\t\t\t\t\t\t\t<div class=\"elementor-text-editor elementor-clearfix\">\n\t\t\t\t<div><span style=\"text-decoration: underline;\"><strong>Captura informaci\u00f3n de:<\/strong><\/span><\/div><div><strong>Propiedades de roca intacta<\/strong><\/div><div><br \/>\u2022Esfuerzo Uniaxial Compresivo (\ud835\udc48\ud835\udc36\ud835\udc4650)<br \/>\u2022M\u00f3dulo de Young (\ud835\udc38)<br \/>\u2022Criterios de falla Hoek &amp; Brown (\ud835\udf0e\ud835\udc36, \ud835\udc5a\ud835\udc56)<\/div><div>\u00a0<\/div><div><strong>Patrones Estructurales<\/strong><br \/>\u2022Orientaci\u00f3n y caracter\u00edsticas geot\u00e9cnicas<\/div><div>\u00a0<\/div><div><strong>Clasificaci\u00f3n Macizo Rocoso<\/strong><br \/>\u2022Rock Quality Designation (Deere, 1967)<br \/>\u2022Rock Mass Rating (Bieniawski, 1989)<br \/>\u2022The Geological Strength Index (Hoek and Brown, 1997)<br \/>\u2022Barton Classification System, Q (Barton, 1974)<\/div><div>\u00a0<\/div>\t\t\t\t\t<\/div>\n\t\t\t\t\t\t<\/div>\n\t\t\t\t<\/div>\n\t\t\t\t<div class=\"elementor-element elementor-element-74b2d1d0 elementor-widget elementor-widget-image\" data-id=\"74b2d1d0\" data-element_type=\"widget\" data-widget_type=\"image.default\">\n\t\t\t\t<div class=\"elementor-widget-container\">\n\t\t\t\t\t\t\t\t<div class=\"elementor-image\">\n\t\t\t\t\t\t\t\t\t\t\t\t<img width=\"165\" height=\"42\" src=\"https:\/\/mineroc2.amtc.cl\/wp-content\/uploads\/2020\/03\/Geotechnical-Units.png\" class=\"elementor-animation-grow attachment-full size-full\" alt=\"\" loading=\"lazy\" \/>\t\t\t\t\t\t\t\t\t\t\t\t\t\t<\/div>\n\t\t\t\t\t\t<\/div>\n\t\t\t\t<\/div>\n\t\t\t\t<div class=\"elementor-element elementor-element-d7ebcc3 elementor-widget elementor-widget-image\" data-id=\"d7ebcc3\" data-element_type=\"widget\" data-widget_type=\"image.default\">\n\t\t\t\t<div class=\"elementor-widget-container\">\n\t\t\t\t\t\t\t\t<div class=\"elementor-image\">\n\t\t\t\t\t\t\t\t\t\t\t\t<img width=\"768\" height=\"595\" src=\"https:\/\/mineroc2.amtc.cl\/wp-content\/uploads\/2020\/03\/Geotechnical-Units.jpg\" class=\"elementor-animation-grow attachment-full size-full\" alt=\"\" loading=\"lazy\" srcset=\"https:\/\/mineroc2.amtc.cl\/wp-content\/uploads\/2020\/03\/Geotechnical-Units.jpg 768w, https:\/\/mineroc2.amtc.cl\/wp-content\/uploads\/2020\/03\/Geotechnical-Units-300x232.jpg 300w\" sizes=\"(max-width: 768px) 100vw, 768px\" \/>\t\t\t\t\t\t\t\t\t\t\t\t\t\t<\/div>\n\t\t\t\t\t\t<\/div>\n\t\t\t\t<\/div>\n\t\t\t\t\t\t<\/div>\n\t\t\t\t\t<\/div>\n\t\t<\/div>\n\t\t\t\t<div class=\"elementor-column elementor-col-50 elementor-inner-column elementor-element elementor-element-b4f313b\" data-id=\"b4f313b\" data-element_type=\"column\">\n\t\t\t<div class=\"elementor-column-wrap elementor-element-populated\">\n\t\t\t\t\t\t\t<div class=\"elementor-widget-wrap\">\n\t\t\t\t\t\t<div class=\"elementor-element elementor-element-10f53bdb elementor-widget elementor-widget-heading\" data-id=\"10f53bdb\" data-element_type=\"widget\" data-widget_type=\"heading.default\">\n\t\t\t\t<div class=\"elementor-widget-container\">\n\t\t\t<h3 class=\"elementor-heading-title elementor-size-default\">Ingreso de esfuerzos a nivel mina<\/h3>\t\t<\/div>\n\t\t\t\t<\/div>\n\t\t\t\t<div class=\"elementor-element elementor-element-666d4e87 elementor-widget elementor-widget-text-editor\" data-id=\"666d4e87\" data-element_type=\"widget\" data-widget_type=\"text-editor.default\">\n\t\t\t\t<div class=\"elementor-widget-container\">\n\t\t\t\t\t\t\t\t<div class=\"elementor-text-editor elementor-clearfix\">\n\t\t\t\t<p><span style=\"text-decoration: underline;\"><strong>Captura informaci\u00f3n de:<\/strong><\/span><\/p><p>\u2022Mediciones de esfuerzos<br \/>\u2022Modelos de sobrecarga<\/p><p>\u00a0<\/p><p>\u00a0<\/p><p>\u00a0<\/p><p>\u00a0<\/p><p>\u00a0<\/p>\t\t\t\t\t<\/div>\n\t\t\t\t\t\t<\/div>\n\t\t\t\t<\/div>\n\t\t\t\t<div class=\"elementor-element elementor-element-956a547 elementor-widget elementor-widget-image\" data-id=\"956a547\" data-element_type=\"widget\" data-widget_type=\"image.default\">\n\t\t\t\t<div class=\"elementor-widget-container\">\n\t\t\t\t\t\t\t\t<div class=\"elementor-image\">\n\t\t\t\t\t\t\t\t\t\t\t\t<img width=\"157\" height=\"42\" src=\"https:\/\/mineroc2.amtc.cl\/wp-content\/uploads\/2020\/03\/Stresses.png\" class=\"elementor-animation-grow attachment-full size-full\" alt=\"\" loading=\"lazy\" \/>\t\t\t\t\t\t\t\t\t\t\t\t\t\t<\/div>\n\t\t\t\t\t\t<\/div>\n\t\t\t\t<\/div>\n\t\t\t\t<div class=\"elementor-element elementor-element-ecb58b9 elementor-widget elementor-widget-image\" data-id=\"ecb58b9\" data-element_type=\"widget\" data-widget_type=\"image.default\">\n\t\t\t\t<div class=\"elementor-widget-container\">\n\t\t\t\t\t\t\t\t<div class=\"elementor-image\">\n\t\t\t\t\t\t\t\t\t\t\t\t<img width=\"768\" height=\"582\" src=\"https:\/\/mineroc2.amtc.cl\/wp-content\/uploads\/2020\/03\/Stresses.jpg\" class=\"elementor-animation-grow attachment-full size-full\" alt=\"\" loading=\"lazy\" srcset=\"https:\/\/mineroc2.amtc.cl\/wp-content\/uploads\/2020\/03\/Stresses.jpg 768w, https:\/\/mineroc2.amtc.cl\/wp-content\/uploads\/2020\/03\/Stresses-300x227.jpg 300w\" sizes=\"(max-width: 768px) 100vw, 768px\" \/>\t\t\t\t\t\t\t\t\t\t\t\t\t\t<\/div>\n\t\t\t\t\t\t<\/div>\n\t\t\t\t<\/div>\n\t\t\t\t\t\t<\/div>\n\t\t\t\t\t<\/div>\n\t\t<\/div>\n\t\t\t\t\t\t\t\t<\/div>\n\t\t\t\t\t<\/div>\n\t\t<\/section>\n\t\t\t\t\t\t<\/div>\n\t\t\t\t\t<\/div>\n\t\t<\/div>\n\t\t\t\t\t\t\t\t<\/div>\n\t\t\t\t\t<\/div>\n\t\t<\/section>\n\t\t\t\t\t\t\t\t\t<\/div>\n\t\t\t<\/div>\n\t\t\t\t\t<\/div>\n\t\t","protected":false},"excerpt":{"rendered":"<p>Site Conditions Este m\u00f3dulo captura la informaci\u00f3n in-situ del local y re\u00fane la informaci\u00f3n relevante sobre: Caracterizaci\u00f3n de unidades geot\u00e9cnicas Captura informaci\u00f3n de:Propiedades de roca intacta \u2022Esfuerzo Uniaxial Compresivo (\ud835\udc48\ud835\udc36\ud835\udc4650) \u2022M\u00f3dulo de Young (\ud835\udc38) \u2022Criterios de falla Hoek &amp; Brown (\ud835\udf0e\ud835\udc36, \ud835\udc5a\ud835\udc56)&nbsp;Patrones Estructurales \u2022Orientaci\u00f3n y caracter\u00edsticas geot\u00e9cnicas&nbsp;Clasificaci\u00f3n Macizo Rocoso \u2022Rock Quality Designation (Deere, 1967) \u2022Rock &hellip;<\/p>\n<p class=\"read-more\"> <a class=\"\" href=\"https:\/\/mineroc2.amtc.cl\/?page_id=303&#038;lang=es\"> <span class=\"screen-reader-text\">Site Conditions &#8211; ESP<\/span> Read More &raquo;<\/a><\/p>\n","protected":false},"author":1,"featured_media":0,"parent":0,"menu_order":0,"comment_status":"closed","ping_status":"closed","template":"","meta":{"site-sidebar-layout":"no-sidebar","site-content-layout":"page-builder","ast-global-header-display":"","ast-main-header-display":"","ast-hfb-above-header-display":"","ast-hfb-below-header-display":"","ast-hfb-mobile-header-display":"","site-post-title":"disabled","ast-breadcrumbs-content":"","ast-featured-img":"disabled","footer-sml-layout":"","theme-transparent-header-meta":"default","adv-header-id-meta":"","stick-header-meta":"","header-above-stick-meta":"","header-main-stick-meta":"","header-below-stick-meta":""},"_links":{"self":[{"href":"https:\/\/mineroc2.amtc.cl\/index.php?rest_route=\/wp\/v2\/pages\/303"}],"collection":[{"href":"https:\/\/mineroc2.amtc.cl\/index.php?rest_route=\/wp\/v2\/pages"}],"about":[{"href":"https:\/\/mineroc2.amtc.cl\/index.php?rest_route=\/wp\/v2\/types\/page"}],"author":[{"embeddable":true,"href":"https:\/\/mineroc2.amtc.cl\/index.php?rest_route=\/wp\/v2\/users\/1"}],"replies":[{"embeddable":true,"href":"https:\/\/mineroc2.amtc.cl\/index.php?rest_route=%2Fwp%2Fv2%2Fcomments&post=303"}],"version-history":[{"count":7,"href":"https:\/\/mineroc2.amtc.cl\/index.php?rest_route=\/wp\/v2\/pages\/303\/revisions"}],"predecessor-version":[{"id":339,"href":"https:\/\/mineroc2.amtc.cl\/index.php?rest_route=\/wp\/v2\/pages\/303\/revisions\/339"}],"wp:attachment":[{"href":"https:\/\/mineroc2.amtc.cl\/index.php?rest_route=%2Fwp%2Fv2%2Fmedia&parent=303"}],"curies":[{"name":"wp","href":"https:\/\/api.w.org\/{rel}","templated":true}]}}